 x be (-1)/(2 + 11/(-5)). Suppose -3*d + 17 = -5*m, 5*d - 4 = 2*m + 18. Suppose d*k = x*k - 1. Calculate the highest common divisor of k and 7.
1
Suppose 4*j - 15 = -t, 3 = -4*j - 5*t - 2. Calculate the highest common factor of 40 and j.
5
Let v = -29 + 37. Calculate the greatest common factor of v and 72.
8
Let x = 190 + -94. Calculate the greatest common factor of 12 and x.
12
Let v be (-18)/45*(-1 - 4). Suppose -l + s = -9, 35 = v*l - 5*s + 11. What is the greatest common divisor of 49 and l?
7
Let n be -4 - -3 - (-52 + 0). Let v be 18*(1 + n/6). Let a be (-1)/4 - (-77)/4. What is the greatest common divisor of v and a?
19
Suppose 0 = -14*w + 222 + 58. What is the greatest common divisor of w and 140?
20
Suppose 0 = -8*c - 0*c + 144. Let f(a) = -a**2 - 8*a - 4. Let d be f(-7). Let p = d - -24. Calculate the greatest common divisor of c and p.
9
Let t be 18 - (1 + -4 + 2). What is the highest common factor of t and 38?
19
Let h be (-80)/(0 + 1/(-2)). Let y be h - (3 - (2 + 0)). Suppose 4*q + 2*n + 2*n - 124 = 0, 5*q - y = -4*n. What is the greatest common factor of 14 and q?
7
Suppose 0 = 3*o - n - 21, -3*n + n - 21 = -3*o. Calculate the highest common factor of o and 7.
7
Let l be 3 - (-85)/10*2. What is the highest common divisor of l and 140?
20
Let r(n) = n**3 - 6*n**2 - 13*n. Let l(p) = 2*p**3 - 11*p**2 - 26*p. Let y(g) = -2*l(g) + 5*r(g). Let a be y(10). What is the greatest common factor of 7 and a?
7
Suppose 0 = 2*k - 3*k + 8. Suppose -2*p + 219 = 43. Calculate the highest common factor of k and p.
8
Suppose 5*l - 2*x = 19, -2*x + 26 = 2*l + 2*l. Suppose 5*r - 3*j = 41, 0*j + 3 = -r - l*j. Let g = 5 + 44. What is the highest common divisor of r and g?
7
Let b(l) = l - 3. Let c be b(8). Calculate the greatest common factor of c and 10.
5
Suppose -65 - 75 = -2*f. Let y = f - 40. Let k = y - 14. Calculate the highest common divisor of k and 144.
16
Suppose -q - 5*x - 18 = 0, -3*q = -x + 5*x + 10. Let g = 1 - q. Let t be g/(-1) + 12/2. Calculate the greatest common divisor of t and 1.
1
Let f be (-2 - (-15)/9)*-15. What is the greatest common divisor of f and 20?
5
Let m(a) = a**2 - 9*a - 9. Let d be m(10). Let o(v) = 42*v**3 + v**2 - v. Let f be o(d). Let c = 24 - -4. Calculate the greatest common factor of c and f.
14
Suppose 2*o - 12 = -6. Calculate the greatest common factor of o and 9.
3
Suppose -1 = y, -4*c + 48 = -4*y + 8*y. Let t be 25*(c/5 + -2). Calculate the greatest common divisor of t and 105.
15
Suppose 4*w = -0*w + 228. What is the highest common divisor of w and 38?
19
Let t(b) = b**3 + 11*b**2 + 9*b + 4. Let z be t(-10). Suppose 27 = 2*l - r - z, r + 61 = 3*l. What is the greatest common factor of 5 and l?
5
Let h(s) = s + 1. Let b be h(3). What is the highest common factor of 44 and b?
4
Let i be (28/(-1))/(2/3). Let j = 72 + i. Let y = 15 - 5. Calculate the greatest common divisor of j and y.
10
Suppose -3*a = -3*x - 57, -3*a + 5*x + 28 = -35. Calculate the greatest common divisor of a and 2.
2
Suppose 5*s = -3*w - 4, w + w - 9 = -s. Calculate the highest common divisor of w and 21.
7
Suppose s - 17 = 15. Let v = s + 23. What is the highest common factor of v and 5?
5
Let i be 1 - -9 - (2 + -3). Suppose 0 = -w - 3*c - 3, 3 = -w + 5*c - 0. Let o be (-1 + 0)*w + 85. What is the highest common factor of o and i?
11
Suppose -6*c + 32 = 2. Calculate the highest common divisor of 5 and c.
5
Let o be (-60)/(-8)*(-1 + 3). Let x be ((-16)/(-5))/(2/o). What is the highest common divisor of x and 3?
3
Let g(p) = -p**2 - 7*p + 6. Let b be g(-9). Let h(l) = l**3 + 4*l**2 - 6*l - 3. Let w be h(-4). Let v = b + w. What is the greatest common factor of 81 and v?
9
Suppose 5*a - a - 92 = 0. Suppose -4*q - 159 = -3*l, -q = -5*l + a + 4. Let t = -27 - q. What is the greatest common divisor of 60 and t?
15
Let v = -1 - 0. Let g be (-1)/(-2) + v/(-2). Let b be (-14 - g)*38/(-6). Calculate the greatest common divisor of b and 19.
19
Let p(j) = 2*j**3 - j**2 - 2. Let z = -7 + 9. Let g be p(z). What is the greatest common divisor of g and 15?
5
Suppose -2 + 4 = v. Let s be (v + -3)/((-3)/45). What is the highest common divisor of s and 30?
15
Suppose v + 7 = 1. Let x be (v/(-4))/((-15)/(-80)). Let h be 0 + x - 2/1. What is the highest common factor of 9 and h?
3
Let q = 5 + -2. Suppose 4*y + 10 = 2*t - 10, -4*y - 28 = -q*t. Calculate the highest common factor of 4 and t.
4
Let c(u) = u**3 - 6*u**2 + 5*u + 6. Let l be c(5). What is the highest common factor of 18 and l?
6
Let p = 6 + 0. Suppose 18 = 4*x + p. What is the greatest common factor of x and 3?
3
Let d(w) = -8*w - 5. Let f be d(-13). What is the highest common divisor of 33 and f?
33
Let a = 185 - 77. Calculate the highest common factor of a and 36.
36
Let l(z) = 7*z**2 + z - 4. Let o be l(-3). Calculate the greatest common factor of 7 and o.
7
Let l be (-116)/(-14) + 34/(-119). What is the highest common divisor of l and 2?
2
Suppose -2*i + 112 = c, 0*i - 16 = 4*i. Let g be c/9*(2 - -1). What is the greatest common factor of 10 and g?
10
Let t(i) = -2*i**3 - i**2 - 1. Let m be t(-2). Calculate the highest common factor of 44 and m.
11
Let p(d) be the first derivative of d**2 - 5*d + 6. Let r be p(7). Calculate the highest common divisor of r and 18.
9
Let v be 59/7 + (-6)/14. Suppose 4*o + 339 = 3*i, -5*o + 3*i - 591 = -171. Let d = o - -121. What is the highest common divisor of d and v?
8
Suppose 37 + 75 = y. Calculate the highest common divisor of y and 16.
16
Suppose -4*n - n = -40. What is the greatest common divisor of n and 16?
8
Suppose -5*o = -a, -4*o = -a - 0*a. Let u = -91 + 94. Suppose 3*r - 2*r - u = o. Calculate the highest common factor of r and 27.
3
Let m = 2 + -2. Suppose -3*z - 6 - 3 = m. Let r = -1 - z. What is the greatest common divisor of r and 10?
2
Let a = 5 + -5. Suppose 4*i - 96 + a = 0. Calculate the highest common factor of i and 144.
24
Suppose 3*s + 3*y = 321, 0 = -3*s + y + 269 + 56. What is the greatest common factor of s and 270?
54
Let n be 21 + 12/(4 + 0). What is the highest common divisor of n and 48?
24
Suppose 92 = 3*s - 5*m, 5*s + 0*m = -2*m + 112. Suppose 393 + 279 = 4*y. Calculate the greatest common factor of y and s.
24
Suppose 0 = w - 1 + 5. Let k(d) = 4*d + 6. Let n be k(w). Let l be (24/(-15))/(4/n). Calculate the greatest common factor of l and 4.
4
Let f(u) = -13*u + 41. Let n be f(-6). What is the highest common divisor of 34 and n?
17
Let r = -58 + 85. Calculate the greatest common divisor of 3 and r.
3
Let z(g) = 14*g - 8. Let k(l) = -7*l**3 + 2*l**2 + 2*l + 1. Let f be k(-1). Let q be z(f). What is the greatest common factor of q and 13?
13
Suppose 0 = -i + 2*i - 12. Let w be 1 + 1*(-2 + 1). Suppose -5*m + 2*j = -412, j - 4*j + 12 = w. What is the highest common factor of i and m?
12
Suppose -2*r + 14 = 2*v - 0, 0 = -5*r - v + 39. Suppose -60 = -4*c + c. Suppose -5*q = -q + c, 63 = d + 5*q. Calculate the highest common factor of d and r.
8
Let w = 35 - 23. Let m be 1547/102 - 2/w. What is the highest common factor of 30 and m?
15
Suppose -1 = -t + 1. Let p be ((-1)/(-1))/(3/15). Suppose 5 = 2*k - 2*a - 1, t*a + 18 = p*k. Calculate the greatest common factor of k and 1.
1
Let l = -15 + 9. Let p(d) = -2*d**3 - 7*d**2 + 3*d + 8. Let k be p(l). What is the highest common divisor of k and 17?
17
Let z(u) = -2*u - 1 + 3*u + 9*u + 5. Let a be z(4). Let f = -4 - -8. Calculate the highest common divisor of f and a.
4
Let m be (-68)/6*9*(-35)/42. What is the highest common divisor of m and 17?
17
Let u(m) = m**3 - 9*m**2 - 11*m + 12. Let w be u(10). Suppose -3*l = 4*s - 516, w*s + 0*s + l = 256. What is the greatest common divisor of s and 14?
14
Suppose -34 = -6*l + 74. Calculate the highest common divisor of l and 126.
18
Suppose 281 + 7 = 9*z. Calculate the greatest common factor of z and 4.
4
Let d = -25 - -51. Calculate the greatest common divisor of d and 26.
26
Let h be (-2)/(-8) - (-249)/12. Calculate the greatest common divisor of h and 63.
21
Let s(k) = -107*k - 11. Let u be s(-1). Calculate the highest common divisor of 64 and u.
32
Suppose 6*t - 91 = -31. Calculate the greatest common factor of t and 20.
10
Suppose 7*z - 5*z = 14. What is the greatest common factor of z and 56?
7
Let f(a) = -a**3 + a + 11. Let j be f(0). W